{"id":62,"date":"2017-09-23T15:30:50","date_gmt":"2017-09-23T15:30:50","guid":{"rendered":"https:\/\/livgarden.tordenskiold.dk\/?page_id=62"},"modified":"2019-03-11T14:10:31","modified_gmt":"2019-03-11T13:10:31","slug":"velkommen-til-livgarden","status":"publish","type":"page","link":"https:\/\/livgarden.tordenskiold.dk\/","title":{"rendered":"Velkommen til Livgarden"},"content":{"rendered":"<p><img loading=\"lazy\" decoding=\"async\" class=\"size-medium wp-image-22 alignleft\" src=\"https:\/\/livgarden.tordenskiold.dk\/wp-content\/uploads\/2017\/09\/i287104489269310195._szw1280h1280_-300x200.jpg\" alt=\"\" width=\"300\" height=\"200\">Livgarden er en del af foreningen Tordenskiolds Soldater Fladstrand, og best\u00e5r af 18 m\u00e6nd og kvinder. Vi deltager i forskellige historiske 17 tals arrangementer, h\u00f8jdepunkt er dog Tordenskioldsdagene, som afholdes 9. til 11. august.<\/p>\n<p>Livgarden holder m\u00f8der\/\u00f8veaftener hver anden tirsdag om m\u00e5neden, i lige uger. fra kl. 19 &#8211; 21. I vinterhalv\u00e5ret skruer vi lidt ned p\u00e5 m\u00f8derne, og m\u00f8des ca.1 gang om m\u00e5neden, men det er afh\u00e6ngig af hvor stort behovet er. Til for\u00e5reret, n\u00e5r det bliver mere varme i luften, er der fokus p\u00e5 marchtr\u00e6ning og vi m\u00f8des hver anden tirsdag.&nbsp;<\/p>\n<p><a href=\"https:\/\/tordenskiold.dk\/detsketeifladstrand\/\" rel=\"nofollow\">https:\/\/tordenskiold.dk\/detsketeifladstrand\/<\/a><\/p>\n<p><a href=\"http:\/\/tsf.tordenskiold.dk\/\" rel=\"nofollow\">http:\/\/tsf.tordenskiold.dk\/<\/a><\/p>\n","protected":false},"excerpt":{"rendered":"<p>Livgarden er en del af foreningen Tordenskiolds Soldater Fladstrand, og best\u00e5r af 18 m\u00e6nd og kvinder. Vi deltager i forskellige historiske 17 tals arrangementer, h\u00f8jdepunkt er dog Tordenskioldsdagene, som afholdes 9. til 11. august. Livgarden holder m\u00f8der\/\u00f8veaftener hver anden tirsdag &hellip; <a href=\"https:\/\/livgarden.tordenskiold.dk\/\">L\u00e6s resten <span class=\"meta-nav\">&rarr;<\/span><\/a><\/p>\n","protected":false},"author":1,"featured_media":0,"parent":0,"menu_order":0,"comment_status":"closed","ping_status":"closed","template":"sidebar-page.php","meta":{"footnotes":""},"_links":{"self":[{"href":"https:\/\/livgarden.tordenskiold.dk\/index.php?rest_route=\/wp\/v2\/pages\/62"}],"collection":[{"href":"https:\/\/livgarden.tordenskiold.dk\/index.php?rest_route=\/wp\/v2\/pages"}],"about":[{"href":"https:\/\/livgarden.tordenskiold.dk\/index.php?rest_route=\/wp\/v2\/types\/page"}],"author":[{"embeddable":true,"href":"https:\/\/livgarden.tordenskiold.dk\/index.php?rest_route=\/wp\/v2\/users\/1"}],"replies":[{"embeddable":true,"href":"https:\/\/livgarden.tordenskiold.dk\/index.php?rest_route=%2Fwp%2Fv2%2Fcomments&post=62"}],"version-history":[{"count":11,"href":"https:\/\/livgarden.tordenskiold.dk\/index.php?rest_route=\/wp\/v2\/pages\/62\/revisions"}],"predecessor-version":[{"id":1816,"href":"https:\/\/livgarden.tordenskiold.dk\/index.php?rest_route=\/wp\/v2\/pages\/62\/revisions\/1816"}],"wp:attachment":[{"href":"https:\/\/livgarden.tordenskiold.dk\/index.php?rest_route=%2Fwp%2Fv2%2Fmedia&parent=62"}],"curies":[{"name":"wp","href":"https:\/\/api.w.org\/{rel}","templated":true}]}}